{"id":653,"date":"2019-06-11T13:50:29","date_gmt":"2019-06-11T11:50:29","guid":{"rendered":"https:\/\/zem.utcluj.ro\/2019\/?page_id=653"},"modified":"2021-03-18T17:03:14","modified_gmt":"2021-03-18T15:03:14","slug":"rezultate-finale-zem-2019","status":"publish","type":"page","link":"https:\/\/zem.utcluj.ro\/2019\/informatii-participanti\/rezultate-finale-zem-2019\/","title":{"rendered":"Rezultate finale ZEM 2019"},"content":{"rendered":"\n<h3 class=\"wp-block-heading\">C\u00e2\u0219tig\u0103torii Olimpiadei Na\u021bionale de Mecatronic\u0103, Cluj-Napoca 2019<\/h3>\n\n\n\n<hr class=\"wp-block-separator\"\/>\n\n\n\n<p><br><strong>Sec\u021biunea: Sisteme Mecatronice<\/strong><\/p>\n\n\n\n<ul class=\"wp-block-list\"><li>Premiul I &#8211; <strong>G\u00e2dei Costin-Tudor, Bob\u00eernac Dorinel-Ionu\u021b, Moja Alin-Mihai<\/strong> &#8211; <em>Universitatea Transilvania din Bra\u0219ov<\/em><\/li><li>Premiul II &#8211;&nbsp;<strong>Unguritu Ovidiu Adrian, Purcaru Mihai, V\u00eelcea Drago\u0219<\/strong> &#8211; <em>Universitatea din Craiova<\/em><\/li><li>Premiul III &#8211; <strong>Andrei Drago\u0219-Gabriel, Deaconeasa Andrei, Mincu Gina-Daniela<\/strong> &#8211; <em>Universitatea Politehnica din Bucure\u0219ti<\/em><\/li><li>Men\u021biune &#8211; <strong>Pusca\u0219u Constantin, Macovei Gheorghe<\/strong> &#8211; <em>Universitatea Tehnic\u0103 \u201eGheorghe Asachi\u201d din Ia\u0219i<\/em><\/li><li>Men\u021biune &#8211; <strong>Har Hora\u021biu, I\ufb05imie Drago\u0219, Gaspar Csaba<\/strong> &#8211; <em>Universitatea Tehnic\u0103 din Cluj-Napoca<\/em><\/li><li>Men\u021biune &#8211; <strong>Ciocoiu Liviu-Constantin, Forai Ovidiu, Peneac Andra<\/strong> &#8211; <em>Universitatea Politehnica Timi\u0219oara<\/em><\/li><li>Men\u021biune &#8211; <strong>B\u00e2lc Daniel, Hoaghea Teodor-Andrei<\/strong> &#8211; <em>Universitatea \u201dLucian Blaga\u201d din Sibiu<\/em><\/li><li>Men\u021biune &#8211; <strong>Cosovan Sorin, Ungurean Petru-Aurel, Ungurean \u0218tefan<\/strong> &#8211; <em>Universitatea \u201c\u0218tefan cel Mare\u201d din Suceava<\/em><\/li><\/ul>\n\n\n\n<hr class=\"wp-block-separator\"\/>\n\n\n\n<p><br><strong>Sec\u021biunea: Robo\u021bi Mobili<\/strong><\/p>\n\n\n\n<ul class=\"wp-block-list\"><li>Premiul I &#8211; <strong>Voinescu Ionu\u021b-Alexandru, B\u00eeltac Nicu\u0219or-Alexandru<\/strong> &#8211; <em>Universitatea \u201dLucian Blaga\u201d din Sibiu<\/em><\/li><li>Premiul II &#8211; <strong>Macovei Nicolae Drago\u0219, Rusu Dan Andrei<\/strong> &#8211; <em>Universitatea Politehnica din Bucure\u0219ti<\/em><\/li><li>Premiul III &#8211; <strong>Birda Gabriel, Breahn\u0103 Petru<\/strong> &#8211; <em>Universitatea Tehnic\u0103 \u201eGheorghe Asachi\u201d din Ia\u0219i<\/em><\/li><li>Men\u021biune &#8211; <strong>Sofian Dominic, Lorincz \u0218tefan Mihai<\/strong> &#8211; <em>Universitatea Tehnic\u0103 din Cluj-Napoca<\/em><\/li><li>Men\u021biune &#8211; <strong>Ciurezu Ionel Alexandru, Guldvik-Barbu Vlad<\/strong> &#8211; <em>Universitatea din Craiova<\/em><\/li><li>Men\u021biune &#8211; <strong>Vl\u0103du\u021b Cristian-Lauren\u021biu, Dan Maria<\/strong> &#8211; <em>Universitatea Politehnica Timi\u0219oara<\/em><\/li><li>Men\u021biune &#8211; <strong>Antonesei Marius-Iulian, Ap\u0103v\u0103loae Rudolf-Alexandru<\/strong> &#8211; <em>Universitatea \u0218tefan cel Mare din Suceava<\/em><\/li><li>Men\u021biune &#8211; <strong>G\u00e2dei Costin-Tudor, Bob\u00eernac Dorinel-Ionu\u021b<\/strong> &#8211; <em>Universitatea Transilvania din Bra\u0219ov<\/em><\/li><\/ul>\n\n\n\n<hr class=\"wp-block-separator\"\/>\n\n\n\n<p><br><strong>Sec\u021biunea: Sisteme Mecatronice de Zbor f\u0103r\u0103 Pilot<\/strong><\/p>\n\n\n\n<ul class=\"wp-block-list\"><li>Premiul I &#8211; <strong>Rusu Bogdan, Co\u021bofan Gabriel<\/strong> &#8211; <em>Universitatea Tehnic\u0103 \u201eGheorghe Asachi\u201d din Ia\u0219i<\/em><\/li><li>Premiul II &#8211; <strong>Barna Simion Lucian, Simion C\u0103t\u0103lin Mihai<\/strong> &#8211; <em>Universitatea Transilvania din Bra\u0219ov<\/em><\/li><li>Premiul III &#8211; <strong>Csiki Gergely, Szegedi Akos<\/strong> &#8211; <em>Universitatea Tehnic\u0103 din Cluj-Napoca<\/em><\/li><li>Men\u021biune &#8211; <strong>Laz\u0103r Drago\u0219, Moise Alexandru<\/strong> &#8211; <em>Universitatea Politehnica Timi\u0219oara<\/em><\/li><li>Men\u021biune &#8211; <strong>Chi\u021ba Andrei, Tu\u0219c\u0103 Ionu\u021b<\/strong> &#8211; <em>Universitatea Politehnica din Bucure\u0219ti<\/em><\/li><\/ul>\n\n\n\n<hr class=\"wp-block-separator\"\/>\n\n\n\n<p><br><strong>Sec\u021biunea: Realiz\u0103ri \u00een Domeniu Mecatronicii<\/strong><\/p>\n\n\n\n<ul class=\"wp-block-list\"><li>Premiul I &#8211; <strong>Opri\u0219 Alin Raul, Lemnariu Flaviu Rare\u0219, Muntean Mircea Horea, Mure\u0219anu Adrian Daniel<\/strong> &#8211; <em>Universitatea Tehnic\u0103 din Cluj-Napoca<\/em><\/li><li>Premiul II &#8211; <strong>Istrate Andreea Ionela, Popa Adina-Elena<\/strong> &#8211; <em>Universitatea \u201dLucian Blaga\u201d din Sibiu<\/em><\/li><li>Premiul III &#8211; <strong>Drazile Josif <\/strong>&#8211; <em>Universitatea Politehnica din Timi\u0219oara<\/em><\/li><li>Men\u021biune &#8211; <strong>Purcaru Alexandra Mihaela<\/strong> &#8211; <em>Universitatea Transilvania din Bra\u0219ov<\/em><\/li><li>Men\u021biune &#8211; <strong>D\u0103nil\u0103 Ioan Alexandru<\/strong> &#8211; <em>Universitatea Transilvania din Bra\u0219ov<\/em><\/li><li>Men\u021biune &#8211; <strong>Damiean Dumitru<\/strong> &#8211; <em>Universitatea Transilvania din Bra\u0219ov<\/em><\/li><li>Men\u021biune &#8211; <strong>Cobzac Corina<\/strong> &#8211; <em>Universitatea Politehnica din Bucure\u0219ti<\/em><\/li><li>Men\u021biune &#8211; <strong>S\u00eerbu C\u0103t\u0103lina Georgiana, Macovei Drago\u0219, Rusu Dan, Popa Rare\u0219, Minu\u021b Cristina<\/strong> &#8211; <em>Universitatea Politehnica din Bucure\u0219ti<\/em><\/li><li>Men\u021biune &#8211; <strong>Damian Cosmin<\/strong> &#8211; <em>Universitatea Politehnica din Bucure\u0219ti<\/em><\/li><li>Men\u021biune &#8211; <strong>Mure\u0219anu Adrian Daniel<\/strong> &#8211; <em>Universitatea Tehnic\u0103 din Cluj-Napoca<\/em><\/li><li>Men\u021biune &#8211; <strong>Rusu Dan-Mihai, Popa Ionu\u021b<\/strong> &#8211; <em>Universitatea \u201dLucian Blaga\u201d din Sibiu<\/em><\/li><li>Men\u021biune &#8211; <strong>Morariu Timotei, Vasiu Adrian<\/strong> &#8211; <em>Universitatea \u201dLucian Blaga\u201d din Sibiu<\/em><\/li><li>Men\u021biune &#8211; <strong>Ciornea Paul<\/strong> &#8211; <em>Universitatea Tehnic\u0103 \u201eGheorghe Asachi\u201d din Ia\u0219i<\/em><\/li><li>Men\u021biune &#8211; <strong>Co\u021bofan Gabriel<\/strong> 1 &#8211; <em>Universitatea Tehnic\u0103 \u201eGheorghe Asachi\u201d din Ia\u0219i<\/em><\/li><li>Men\u021biune &#8211; <strong>Co\u021bofan Gabriel<\/strong> 2 &#8211; <em>Universitatea Tehnic\u0103 \u201eGheorghe Asachi\u201d din Ia\u0219i<\/em><\/li><li>Men\u021biune &#8211; <strong>Corneanu Andrei Sebastian<\/strong> &#8211; <em>Universitatea Tehnic\u0103 \u201eGheorghe Asachi\u201d din Ia\u0219i<\/em><\/li><li>Men\u021biune &#8211; <strong>Lungu Iulian, Rosca Neonil, Goncear Nichita, Juratu Ion<\/strong> 1 &#8211; <em>Universitatea Tehnic\u0103 a Moldovei<\/em><\/li><li>Men\u021biune &#8211; <strong>Lungu Iulian, Rosca Neonil, Goncear Nichita, Juratu Ion<\/strong> 2 &#8211; <em>Universitatea Tehnic\u0103 a Moldovei<\/em><\/li><li>Men\u021biune &#8211; <strong>Tomi Lavinia Denisa, Micl\u0103u\u0219 Alex Mircea<\/strong> &#8211; <em>Universitatea Tehnic\u0103 din Cluj-Napoca<\/em><\/li><\/ul>\n\n\n\n<hr class=\"wp-block-separator\"\/>\n\n\n\n<p><br><strong>Sec\u021biunea: Comunic\u0103ri \u0218tiin\u021bifice<\/strong><\/p>\n\n\n\n<ul class=\"wp-block-list\"><li>Premiul I &#8211; <strong>Hanganu Vlad Andrei, Du\u021b\u0103 Andra Daria<\/strong> &#8211; <em>Universitatea Politehnica din Bucure\u0219ti<\/em><\/li><li>Premiul II &#8211; <strong>Ladariu Cristian<\/strong> &#8211; <em>Universitatea Transilvania din Bra\u0219ov<\/em><\/li><li>Premiul III &#8211; <strong>Opri\u0219 Alin Raul, Lemnariu Flaviu Rare\u0219, Muntean Mircea Horea, Mure\u0219anu Adrian Daniel<\/strong> &#8211; <em>Universitatea Tehnic\u0103 din Cluj-Napoca<\/em><\/li><li>Men\u021biune &#8211; <strong>Hanganu Vlad Andrei, Du\u021b\u0103 Andra Daria<\/strong> &#8211; <em>Universitatea Politehnica din Bucure\u0219ti<\/em><\/li><li>Men\u021biune &#8211; <strong>Drazile Josif<\/strong> &#8211; <em>Universitatea Politehnica din Timi\u0219oara<\/em><\/li><li>Men\u021biune &#8211; <strong>Rusu Dan-Mihai, Popa Ionu\u021b<\/strong> &#8211; <em>Universitatea \u201dLucian Blaga\u201d din Sibiu<\/em><\/li><li>Men\u021biune &#8211; <strong>Miklos Istvan<\/strong> &#8211; <em>Universitatea \u201dLucian Blaga\u201d din Sibiu<\/em><\/li><li>Men\u021biune &#8211; <strong>Dumitrascu Elena-Cristina, Contiu Elena<\/strong> &#8211; <em>Universitatea \u201dLucian Blaga\u201d din Sibiu<\/em><\/li><li>Men\u021biune &#8211; <strong>Birda Gabriel, Cr\u0103ciun Claudiu<\/strong> &#8211; <em>Universitatea Tehnic\u0103 \u201eGheorghe Asachi\u201d din Ia\u0219i<\/em><\/li><li>Men\u021biune &#8211; <strong>Lungu Iulian, Rosca Neonil, Goncear Nichita<\/strong> &#8211; <em>Universitatea Tehnic\u0103 a Moldovei<\/em><\/li><\/ul>\n\n\n\n<hr class=\"wp-block-separator\"\/>\n\n\n\n<p><br>Se acord\u0103 <strong>Diplom\u0103 de participare<\/strong> echipei <em>Colegiului Tehnic de Comunica\u021bii \u201cAugustin Maior\u201d Cluj-Napoca<\/em>, format\u0103 din elevii: <strong>Vlad Andrei Pop, Alexandra Petronela Cri\u0219an, Darius Gaciu-Pop, Sebastian Mihai Berindean, Erik Saierli, Doru Teburzuc\u0103, Filip Bordea, Bogdan Cristian Ianko, Tudor Ioan Ciorca, Fabian Drago\u0219 Gaidei<\/strong>, coordonat\u0103 de <strong>Prof. Angela Doina Ro\u0219ca<\/strong>.<\/p>\n\n\n\n<hr class=\"wp-block-separator\"\/>\n\n\n\n<p><br>\u00cei felicit\u0103m pe to\u021bi concuren\u021bii \u0219i \u00eei a\u0219tept\u0103m \u0219i la cea de-a XI-a edi\u021bie a Olimpiadei Na\u021bionale de Mecatronic\u0103, din cadrul manifest\u0103rii &#8220;Zilele Educa\u021biei Mecatronice&#8221;.<\/p>\n","protected":false},"excerpt":{"rendered":"<p>C\u00e2\u0219tig\u0103torii Olimpiadei Na\u021bionale de Mecatronic\u0103, Cluj-Napoca 2019 Sec\u021biunea: Sisteme Mecatronice Premiul I &#8211; G\u00e2dei Costin-Tudor, Bob\u00eernac Dorinel-Ionu\u021b, Moja Alin-Mihai &#8211; Universitatea Transilvania din Bra\u0219ov Premiul II &#8211;&nbsp;Unguritu Ovidiu Adrian, Purcaru Mihai, V\u00eelcea Drago\u0219 &#8211; Universitatea din Craiova Premiul III &#8211; Andrei Drago\u0219-Gabriel, Deaconeasa Andrei, Mincu Gina-Daniela &#8211; Universitatea Politehnica din Bucure\u0219ti Men\u021biune &#8211; Pusca\u0219u Constantin,&hellip; <br \/> <a class=\"read-more\" href=\"https:\/\/zem.utcluj.ro\/2019\/informatii-participanti\/rezultate-finale-zem-2019\/\">Read more<\/a><\/p>\n","protected":false},"author":1,"featured_media":0,"parent":24,"menu_order":1,"comment_status":"closed","ping_status":"closed","template":"page-templates\/page-with-left-sidebar.php","meta":{"footnotes":""},"class_list":["post-653","page","type-page","status-publish","hentry"],"yoast_head":"<!-- This site is optimized with the Yoast SEO plugin v23.9 - https:\/\/yoast.com\/wordpress\/plugins\/seo\/ -->\n<title>Rezultate finale ZEM 2019 - ZEM 2019 - Zilele Educatiei Mecatronice 2019<\/title>\n<meta name=\"robots\" content=\"index, follow, max-snippet:-1, max-image-preview:large, max-video-preview:-1\" \/>\n<link rel=\"canonical\" href=\"https:\/\/zem.utcluj.ro\/2019\/informatii-participanti\/rezultate-finale-zem-2019\/\" \/>\n<meta property=\"og:locale\" content=\"en_US\" \/>\n<meta property=\"og:type\" content=\"article\" \/>\n<meta property=\"og:title\" content=\"Rezultate finale ZEM 2019 - ZEM 2019 - Zilele Educatiei Mecatronice 2019\" \/>\n<meta property=\"og:description\" content=\"C\u00e2\u0219tig\u0103torii Olimpiadei Na\u021bionale de Mecatronic\u0103, Cluj-Napoca 2019 Sec\u021biunea: Sisteme Mecatronice Premiul I &#8211; G\u00e2dei Costin-Tudor, Bob\u00eernac Dorinel-Ionu\u021b, Moja Alin-Mihai &#8211; Universitatea Transilvania din Bra\u0219ov Premiul II &#8211;&nbsp;Unguritu Ovidiu Adrian, Purcaru Mihai, V\u00eelcea Drago\u0219 &#8211; Universitatea din Craiova Premiul III &#8211; Andrei Drago\u0219-Gabriel, Deaconeasa Andrei, Mincu Gina-Daniela &#8211; Universitatea Politehnica din Bucure\u0219ti Men\u021biune &#8211; Pusca\u0219u Constantin,&hellip; Read more\" \/>\n<meta property=\"og:url\" content=\"https:\/\/zem.utcluj.ro\/2019\/informatii-participanti\/rezultate-finale-zem-2019\/\" \/>\n<meta property=\"og:site_name\" content=\"ZEM 2019 - Zilele Educatiei Mecatronice 2019\" \/>\n<meta property=\"article:modified_time\" content=\"2021-03-18T15:03:14+00:00\" \/>\n<meta name=\"twitter:card\" content=\"summary_large_image\" \/>\n<meta name=\"twitter:label1\" content=\"Est. reading time\" \/>\n\t<meta name=\"twitter:data1\" content=\"3 minutes\" \/>\n<script type=\"application\/ld+json\" class=\"yoast-schema-graph\">{\"@context\":\"https:\/\/schema.org\",\"@graph\":[{\"@type\":\"WebPage\",\"@id\":\"https:\/\/zem.utcluj.ro\/2019\/informatii-participanti\/rezultate-finale-zem-2019\/\",\"url\":\"https:\/\/zem.utcluj.ro\/2019\/informatii-participanti\/rezultate-finale-zem-2019\/\",\"name\":\"Rezultate finale ZEM 2019 - ZEM 2019 - Zilele Educatiei Mecatronice 2019\",\"isPartOf\":{\"@id\":\"https:\/\/zem.utcluj.ro\/2019\/#website\"},\"datePublished\":\"2019-06-11T11:50:29+00:00\",\"dateModified\":\"2021-03-18T15:03:14+00:00\",\"breadcrumb\":{\"@id\":\"https:\/\/zem.utcluj.ro\/2019\/informatii-participanti\/rezultate-finale-zem-2019\/#breadcrumb\"},\"inLanguage\":\"en-US\",\"potentialAction\":[{\"@type\":\"ReadAction\",\"target\":[\"https:\/\/zem.utcluj.ro\/2019\/informatii-participanti\/rezultate-finale-zem-2019\/\"]}]},{\"@type\":\"BreadcrumbList\",\"@id\":\"https:\/\/zem.utcluj.ro\/2019\/informatii-participanti\/rezultate-finale-zem-2019\/#breadcrumb\",\"itemListElement\":[{\"@type\":\"ListItem\",\"position\":1,\"name\":\"Home\",\"item\":\"https:\/\/zem.utcluj.ro\/2019\/\"},{\"@type\":\"ListItem\",\"position\":2,\"name\":\"Informa\u021bii participan\u021bi\",\"item\":\"https:\/\/zem.utcluj.ro\/2019\/informatii-participanti\/\"},{\"@type\":\"ListItem\",\"position\":3,\"name\":\"Rezultate finale ZEM 2019\"}]},{\"@type\":\"WebSite\",\"@id\":\"https:\/\/zem.utcluj.ro\/2019\/#website\",\"url\":\"https:\/\/zem.utcluj.ro\/2019\/\",\"name\":\"ZEM 2019 - Zilele Educatiei Mecatronice 2019\",\"description\":\"Concursul National de Mecatronica - Editia a X-a\",\"publisher\":{\"@id\":\"https:\/\/zem.utcluj.ro\/2019\/#organization\"},\"potentialAction\":[{\"@type\":\"SearchAction\",\"target\":{\"@type\":\"EntryPoint\",\"urlTemplate\":\"https:\/\/zem.utcluj.ro\/2019\/?s={search_term_string}\"},\"query-input\":{\"@type\":\"PropertyValueSpecification\",\"valueRequired\":true,\"valueName\":\"search_term_string\"}}],\"inLanguage\":\"en-US\"},{\"@type\":\"Organization\",\"@id\":\"https:\/\/zem.utcluj.ro\/2019\/#organization\",\"name\":\"Technical University of Cluj-Napoca\",\"url\":\"https:\/\/zem.utcluj.ro\/2019\/\",\"logo\":{\"@type\":\"ImageObject\",\"inLanguage\":\"en-US\",\"@id\":\"https:\/\/zem.utcluj.ro\/2019\/#\/schema\/logo\/image\/\",\"url\":\"https:\/\/zem.utcluj.ro\/2019\/wp-content\/uploads\/2019\/04\/logo-zem.png\",\"contentUrl\":\"https:\/\/zem.utcluj.ro\/2019\/wp-content\/uploads\/2019\/04\/logo-zem.png\",\"width\":440,\"height\":185,\"caption\":\"Technical University of Cluj-Napoca\"},\"image\":{\"@id\":\"https:\/\/zem.utcluj.ro\/2019\/#\/schema\/logo\/image\/\"}}]}<\/script>\n<!-- \/ Yoast SEO plugin. -->","yoast_head_json":{"title":"Rezultate finale ZEM 2019 - ZEM 2019 - Zilele Educatiei Mecatronice 2019","robots":{"index":"index","follow":"follow","max-snippet":"max-snippet:-1","max-image-preview":"max-image-preview:large","max-video-preview":"max-video-preview:-1"},"canonical":"https:\/\/zem.utcluj.ro\/2019\/informatii-participanti\/rezultate-finale-zem-2019\/","og_locale":"en_US","og_type":"article","og_title":"Rezultate finale ZEM 2019 - ZEM 2019 - Zilele Educatiei Mecatronice 2019","og_description":"C\u00e2\u0219tig\u0103torii Olimpiadei Na\u021bionale de Mecatronic\u0103, Cluj-Napoca 2019 Sec\u021biunea: Sisteme Mecatronice Premiul I &#8211; G\u00e2dei Costin-Tudor, Bob\u00eernac Dorinel-Ionu\u021b, Moja Alin-Mihai &#8211; Universitatea Transilvania din Bra\u0219ov Premiul II &#8211;&nbsp;Unguritu Ovidiu Adrian, Purcaru Mihai, V\u00eelcea Drago\u0219 &#8211; Universitatea din Craiova Premiul III &#8211; Andrei Drago\u0219-Gabriel, Deaconeasa Andrei, Mincu Gina-Daniela &#8211; Universitatea Politehnica din Bucure\u0219ti Men\u021biune &#8211; Pusca\u0219u Constantin,&hellip; Read more","og_url":"https:\/\/zem.utcluj.ro\/2019\/informatii-participanti\/rezultate-finale-zem-2019\/","og_site_name":"ZEM 2019 - Zilele Educatiei Mecatronice 2019","article_modified_time":"2021-03-18T15:03:14+00:00","twitter_card":"summary_large_image","twitter_misc":{"Est. reading time":"3 minutes"},"schema":{"@context":"https:\/\/schema.org","@graph":[{"@type":"WebPage","@id":"https:\/\/zem.utcluj.ro\/2019\/informatii-participanti\/rezultate-finale-zem-2019\/","url":"https:\/\/zem.utcluj.ro\/2019\/informatii-participanti\/rezultate-finale-zem-2019\/","name":"Rezultate finale ZEM 2019 - ZEM 2019 - Zilele Educatiei Mecatronice 2019","isPartOf":{"@id":"https:\/\/zem.utcluj.ro\/2019\/#website"},"datePublished":"2019-06-11T11:50:29+00:00","dateModified":"2021-03-18T15:03:14+00:00","breadcrumb":{"@id":"https:\/\/zem.utcluj.ro\/2019\/informatii-participanti\/rezultate-finale-zem-2019\/#breadcrumb"},"inLanguage":"en-US","potentialAction":[{"@type":"ReadAction","target":["https:\/\/zem.utcluj.ro\/2019\/informatii-participanti\/rezultate-finale-zem-2019\/"]}]},{"@type":"BreadcrumbList","@id":"https:\/\/zem.utcluj.ro\/2019\/informatii-participanti\/rezultate-finale-zem-2019\/#breadcrumb","itemListElement":[{"@type":"ListItem","position":1,"name":"Home","item":"https:\/\/zem.utcluj.ro\/2019\/"},{"@type":"ListItem","position":2,"name":"Informa\u021bii participan\u021bi","item":"https:\/\/zem.utcluj.ro\/2019\/informatii-participanti\/"},{"@type":"ListItem","position":3,"name":"Rezultate finale ZEM 2019"}]},{"@type":"WebSite","@id":"https:\/\/zem.utcluj.ro\/2019\/#website","url":"https:\/\/zem.utcluj.ro\/2019\/","name":"ZEM 2019 - Zilele Educatiei Mecatronice 2019","description":"Concursul National de Mecatronica - Editia a X-a","publisher":{"@id":"https:\/\/zem.utcluj.ro\/2019\/#organization"},"potentialAction":[{"@type":"SearchAction","target":{"@type":"EntryPoint","urlTemplate":"https:\/\/zem.utcluj.ro\/2019\/?s={search_term_string}"},"query-input":{"@type":"PropertyValueSpecification","valueRequired":true,"valueName":"search_term_string"}}],"inLanguage":"en-US"},{"@type":"Organization","@id":"https:\/\/zem.utcluj.ro\/2019\/#organization","name":"Technical University of Cluj-Napoca","url":"https:\/\/zem.utcluj.ro\/2019\/","logo":{"@type":"ImageObject","inLanguage":"en-US","@id":"https:\/\/zem.utcluj.ro\/2019\/#\/schema\/logo\/image\/","url":"https:\/\/zem.utcluj.ro\/2019\/wp-content\/uploads\/2019\/04\/logo-zem.png","contentUrl":"https:\/\/zem.utcluj.ro\/2019\/wp-content\/uploads\/2019\/04\/logo-zem.png","width":440,"height":185,"caption":"Technical University of Cluj-Napoca"},"image":{"@id":"https:\/\/zem.utcluj.ro\/2019\/#\/schema\/logo\/image\/"}}]}},"_links":{"self":[{"href":"https:\/\/zem.utcluj.ro\/2019\/wp-json\/wp\/v2\/pages\/653","targetHints":{"allow":["GET"]}}],"collection":[{"href":"https:\/\/zem.utcluj.ro\/2019\/wp-json\/wp\/v2\/pages"}],"about":[{"href":"https:\/\/zem.utcluj.ro\/2019\/wp-json\/wp\/v2\/types\/page"}],"author":[{"embeddable":true,"href":"https:\/\/zem.utcluj.ro\/2019\/wp-json\/wp\/v2\/users\/1"}],"replies":[{"embeddable":true,"href":"https:\/\/zem.utcluj.ro\/2019\/wp-json\/wp\/v2\/comments?post=653"}],"version-history":[{"count":8,"href":"https:\/\/zem.utcluj.ro\/2019\/wp-json\/wp\/v2\/pages\/653\/revisions"}],"predecessor-version":[{"id":693,"href":"https:\/\/zem.utcluj.ro\/2019\/wp-json\/wp\/v2\/pages\/653\/revisions\/693"}],"up":[{"embeddable":true,"href":"https:\/\/zem.utcluj.ro\/2019\/wp-json\/wp\/v2\/pages\/24"}],"wp:attachment":[{"href":"https:\/\/zem.utcluj.ro\/2019\/wp-json\/wp\/v2\/media?parent=653"}],"curies":[{"name":"wp","href":"https:\/\/api.w.org\/{rel}","templated":true}]}}