{"id":474,"date":"2019-04-15T13:29:38","date_gmt":"2019-04-15T11:29:38","guid":{"rendered":"https:\/\/zem.utcluj.ro\/2019\/?page_id=474"},"modified":"2019-06-29T10:40:50","modified_gmt":"2019-06-29T08:40:50","slug":"cadre-didactice","status":"publish","type":"page","link":"https:\/\/zem.utcluj.ro\/2019\/informatii-participanti\/cadre-didactice\/","title":{"rendered":"Informa\u021bii cadre didactice"},"content":{"rendered":"\n<h3 class=\"wp-block-heading\">Informa\u021bii cadre didactice<\/h3>\n\n\n\n<h4 class=\"wp-block-heading\">Cazare &#8211; recomandarea noastr\u0103!<\/h4>\n\n\n\n<ul class=\"wp-block-list\"><li style=\"text-align: left\"><strong><a href=\"https:\/\/www.booking.com\/hotel\/ro\/univers-t.ro.html\">Hotel Univers T ***<\/a><\/strong><br><\/li><\/ul>\n\n\n\n<p><strong>Adresa:<\/strong> Cluj-Napoca, Str. Al. Vaida Voevod, Nr. 53-55, 400436. <br><br>Pre\u021b negociat pentru evenimentul ZEM 2019:<br> &#8211; <strong>camera single<\/strong>: 212 lei\/camer\u0103*<br> &#8211; <strong>camera double<\/strong>: 257 lei\/camer\u0103*<br>*Preturile sunt pentru o noapte de cazare \u0219i <strong>includ mic dejun<\/strong> la restaurantul hotelului.<br>&nbsp;<\/p>\n\n\n\n<p>Pentru rezervare v\u0103 rug\u0103m s\u0103 ne contacta\u021bi prin email la adresa: <strong><a href=\"mailto:olimpiu.hancu@mdm.utcluj.ro\">olimpiu.hancu@mdm.utcluj.ro<\/a><\/strong>, p\u00e2n\u0103 \u00een data de 25.04.2019.<\/p>\n\n\n\n<p>Hotelul este pozi\u021bionat l\u00e2ng\u0103 Iulius Mall, de\u021bine o parcare proprie, oferind diverse facilit\u0103\u021bi de petrecere a timpului liber. Din sta\u021bia CTP (<em>Compania de Transport Public Cluj-Napoca<\/em>) de la Iulius Mall se poate lua <strong><a href=\"http:\/\/ctpcj.ro\/index.php\/ro\/orare-linii\/linii-urbane\/linia-48\">autobuzul 48<\/a><\/strong>, (sta\u021bia <strong>Iulius Mall Est<\/strong>), ce circul\u0103 la un interval de aprox. 15 minute, \u0219i care merge p\u00e2n\u0103 la Facultate (sta\u021bia <strong>Sinterom<\/strong> sau <strong>Sieta<\/strong>), locul principal de desf\u0103\u0219urare a manifest\u0103rii ZEM 2019. <br>Mai multe detalii despre hotel \u0219i facilit\u0103\u021bile oferite pot fi g\u0103site la adresa: <strong> <a href=\"https:\/\/www.booking.com\/hotel\/ro\/univers-t.ro.html\">www.booking.com<\/a><\/strong>. <\/p>\n\n\n\n<p><br><strong>Loca\u021bie:<\/strong><\/p>\n\n\n\n<figure><iframe loading=\"lazy\" src=\"https:\/\/www.google.com\/maps\/embed?pb=!1m18!1m12!1m3!1d1727.0300125069225!2d23.626481494896403!3d46.77221087273418!2m3!1f0!2f0!3f0!3m2!1i1024!2i768!4f13.1!3m3!1m2!1s0x47490c6a7f3f3c3f%3A0x674b10fbcfcc5f36!2sUnivers+T!5e1!3m2!1sro!2sro!4v1555332911786!5m2!1sro!2sro\" width=\"600\" height=\"450\" allowfullscreen=\"\"><\/iframe><\/figure>\n","protected":false},"excerpt":{"rendered":"<p>Informa\u021bii cadre didactice Cazare &#8211; recomandarea noastr\u0103! Hotel Univers T *** Adresa: Cluj-Napoca, Str. Al. Vaida Voevod, Nr. 53-55, 400436. Pre\u021b negociat pentru evenimentul ZEM 2019: &#8211; camera single: 212 lei\/camer\u0103* &#8211; camera double: 257 lei\/camer\u0103**Preturile sunt pentru o noapte de cazare \u0219i includ mic dejun la restaurantul hotelului.&nbsp; Pentru rezervare v\u0103 rug\u0103m s\u0103 ne&hellip; <br \/> <a class=\"read-more\" href=\"https:\/\/zem.utcluj.ro\/2019\/informatii-participanti\/cadre-didactice\/\">Read more<\/a><\/p>\n","protected":false},"author":1,"featured_media":0,"parent":24,"menu_order":5,"comment_status":"closed","ping_status":"closed","template":"page-templates\/page-with-left-sidebar.php","meta":{"footnotes":""},"class_list":["post-474","page","type-page","status-publish","hentry"],"yoast_head":"<!-- This site is optimized with the Yoast SEO plugin v23.9 - https:\/\/yoast.com\/wordpress\/plugins\/seo\/ -->\n<title>Informa\u021bii cadre didactice - ZEM 2019 - Zilele Educatiei Mecatronice 2019<\/title>\n<meta name=\"robots\" content=\"index, follow, max-snippet:-1, max-image-preview:large, max-video-preview:-1\" \/>\n<link rel=\"canonical\" href=\"https:\/\/zem.utcluj.ro\/2019\/informatii-participanti\/cadre-didactice\/\" \/>\n<meta property=\"og:locale\" content=\"en_US\" \/>\n<meta property=\"og:type\" content=\"article\" \/>\n<meta property=\"og:title\" content=\"Informa\u021bii cadre didactice - ZEM 2019 - Zilele Educatiei Mecatronice 2019\" \/>\n<meta property=\"og:description\" content=\"Informa\u021bii cadre didactice Cazare &#8211; recomandarea noastr\u0103! Hotel Univers T *** Adresa: Cluj-Napoca, Str. Al. Vaida Voevod, Nr. 53-55, 400436. Pre\u021b negociat pentru evenimentul ZEM 2019: &#8211; camera single: 212 lei\/camer\u0103* &#8211; camera double: 257 lei\/camer\u0103**Preturile sunt pentru o noapte de cazare \u0219i includ mic dejun la restaurantul hotelului.&nbsp; Pentru rezervare v\u0103 rug\u0103m s\u0103 ne&hellip; Read more\" \/>\n<meta property=\"og:url\" content=\"https:\/\/zem.utcluj.ro\/2019\/informatii-participanti\/cadre-didactice\/\" \/>\n<meta property=\"og:site_name\" content=\"ZEM 2019 - Zilele Educatiei Mecatronice 2019\" \/>\n<meta property=\"article:modified_time\" content=\"2019-06-29T08:40:50+00:00\" \/>\n<meta name=\"twitter:card\" content=\"summary_large_image\" \/>\n<meta name=\"twitter:label1\" content=\"Est. reading time\" \/>\n\t<meta name=\"twitter:data1\" content=\"1 minute\" \/>\n<script type=\"application\/ld+json\" class=\"yoast-schema-graph\">{\"@context\":\"https:\/\/schema.org\",\"@graph\":[{\"@type\":\"WebPage\",\"@id\":\"https:\/\/zem.utcluj.ro\/2019\/informatii-participanti\/cadre-didactice\/\",\"url\":\"https:\/\/zem.utcluj.ro\/2019\/informatii-participanti\/cadre-didactice\/\",\"name\":\"Informa\u021bii cadre didactice - ZEM 2019 - Zilele Educatiei Mecatronice 2019\",\"isPartOf\":{\"@id\":\"https:\/\/zem.utcluj.ro\/2019\/#website\"},\"datePublished\":\"2019-04-15T11:29:38+00:00\",\"dateModified\":\"2019-06-29T08:40:50+00:00\",\"breadcrumb\":{\"@id\":\"https:\/\/zem.utcluj.ro\/2019\/informatii-participanti\/cadre-didactice\/#breadcrumb\"},\"inLanguage\":\"en-US\",\"potentialAction\":[{\"@type\":\"ReadAction\",\"target\":[\"https:\/\/zem.utcluj.ro\/2019\/informatii-participanti\/cadre-didactice\/\"]}]},{\"@type\":\"BreadcrumbList\",\"@id\":\"https:\/\/zem.utcluj.ro\/2019\/informatii-participanti\/cadre-didactice\/#breadcrumb\",\"itemListElement\":[{\"@type\":\"ListItem\",\"position\":1,\"name\":\"Home\",\"item\":\"https:\/\/zem.utcluj.ro\/2019\/\"},{\"@type\":\"ListItem\",\"position\":2,\"name\":\"Informa\u021bii participan\u021bi\",\"item\":\"https:\/\/zem.utcluj.ro\/2019\/informatii-participanti\/\"},{\"@type\":\"ListItem\",\"position\":3,\"name\":\"Informa\u021bii cadre didactice\"}]},{\"@type\":\"WebSite\",\"@id\":\"https:\/\/zem.utcluj.ro\/2019\/#website\",\"url\":\"https:\/\/zem.utcluj.ro\/2019\/\",\"name\":\"ZEM 2019 - Zilele Educatiei Mecatronice 2019\",\"description\":\"Concursul National de Mecatronica - Editia a X-a\",\"publisher\":{\"@id\":\"https:\/\/zem.utcluj.ro\/2019\/#organization\"},\"potentialAction\":[{\"@type\":\"SearchAction\",\"target\":{\"@type\":\"EntryPoint\",\"urlTemplate\":\"https:\/\/zem.utcluj.ro\/2019\/?s={search_term_string}\"},\"query-input\":{\"@type\":\"PropertyValueSpecification\",\"valueRequired\":true,\"valueName\":\"search_term_string\"}}],\"inLanguage\":\"en-US\"},{\"@type\":\"Organization\",\"@id\":\"https:\/\/zem.utcluj.ro\/2019\/#organization\",\"name\":\"Technical University of Cluj-Napoca\",\"url\":\"https:\/\/zem.utcluj.ro\/2019\/\",\"logo\":{\"@type\":\"ImageObject\",\"inLanguage\":\"en-US\",\"@id\":\"https:\/\/zem.utcluj.ro\/2019\/#\/schema\/logo\/image\/\",\"url\":\"https:\/\/zem.utcluj.ro\/2019\/wp-content\/uploads\/2019\/04\/logo-zem.png\",\"contentUrl\":\"https:\/\/zem.utcluj.ro\/2019\/wp-content\/uploads\/2019\/04\/logo-zem.png\",\"width\":440,\"height\":185,\"caption\":\"Technical University of Cluj-Napoca\"},\"image\":{\"@id\":\"https:\/\/zem.utcluj.ro\/2019\/#\/schema\/logo\/image\/\"}}]}<\/script>\n<!-- \/ Yoast SEO plugin. -->","yoast_head_json":{"title":"Informa\u021bii cadre didactice - ZEM 2019 - Zilele Educatiei Mecatronice 2019","robots":{"index":"index","follow":"follow","max-snippet":"max-snippet:-1","max-image-preview":"max-image-preview:large","max-video-preview":"max-video-preview:-1"},"canonical":"https:\/\/zem.utcluj.ro\/2019\/informatii-participanti\/cadre-didactice\/","og_locale":"en_US","og_type":"article","og_title":"Informa\u021bii cadre didactice - ZEM 2019 - Zilele Educatiei Mecatronice 2019","og_description":"Informa\u021bii cadre didactice Cazare &#8211; recomandarea noastr\u0103! Hotel Univers T *** Adresa: Cluj-Napoca, Str. Al. Vaida Voevod, Nr. 53-55, 400436. Pre\u021b negociat pentru evenimentul ZEM 2019: &#8211; camera single: 212 lei\/camer\u0103* &#8211; camera double: 257 lei\/camer\u0103**Preturile sunt pentru o noapte de cazare \u0219i includ mic dejun la restaurantul hotelului.&nbsp; Pentru rezervare v\u0103 rug\u0103m s\u0103 ne&hellip; Read more","og_url":"https:\/\/zem.utcluj.ro\/2019\/informatii-participanti\/cadre-didactice\/","og_site_name":"ZEM 2019 - Zilele Educatiei Mecatronice 2019","article_modified_time":"2019-06-29T08:40:50+00:00","twitter_card":"summary_large_image","twitter_misc":{"Est. reading time":"1 minute"},"schema":{"@context":"https:\/\/schema.org","@graph":[{"@type":"WebPage","@id":"https:\/\/zem.utcluj.ro\/2019\/informatii-participanti\/cadre-didactice\/","url":"https:\/\/zem.utcluj.ro\/2019\/informatii-participanti\/cadre-didactice\/","name":"Informa\u021bii cadre didactice - ZEM 2019 - Zilele Educatiei Mecatronice 2019","isPartOf":{"@id":"https:\/\/zem.utcluj.ro\/2019\/#website"},"datePublished":"2019-04-15T11:29:38+00:00","dateModified":"2019-06-29T08:40:50+00:00","breadcrumb":{"@id":"https:\/\/zem.utcluj.ro\/2019\/informatii-participanti\/cadre-didactice\/#breadcrumb"},"inLanguage":"en-US","potentialAction":[{"@type":"ReadAction","target":["https:\/\/zem.utcluj.ro\/2019\/informatii-participanti\/cadre-didactice\/"]}]},{"@type":"BreadcrumbList","@id":"https:\/\/zem.utcluj.ro\/2019\/informatii-participanti\/cadre-didactice\/#breadcrumb","itemListElement":[{"@type":"ListItem","position":1,"name":"Home","item":"https:\/\/zem.utcluj.ro\/2019\/"},{"@type":"ListItem","position":2,"name":"Informa\u021bii participan\u021bi","item":"https:\/\/zem.utcluj.ro\/2019\/informatii-participanti\/"},{"@type":"ListItem","position":3,"name":"Informa\u021bii cadre didactice"}]},{"@type":"WebSite","@id":"https:\/\/zem.utcluj.ro\/2019\/#website","url":"https:\/\/zem.utcluj.ro\/2019\/","name":"ZEM 2019 - Zilele Educatiei Mecatronice 2019","description":"Concursul National de Mecatronica - Editia a X-a","publisher":{"@id":"https:\/\/zem.utcluj.ro\/2019\/#organization"},"potentialAction":[{"@type":"SearchAction","target":{"@type":"EntryPoint","urlTemplate":"https:\/\/zem.utcluj.ro\/2019\/?s={search_term_string}"},"query-input":{"@type":"PropertyValueSpecification","valueRequired":true,"valueName":"search_term_string"}}],"inLanguage":"en-US"},{"@type":"Organization","@id":"https:\/\/zem.utcluj.ro\/2019\/#organization","name":"Technical University of Cluj-Napoca","url":"https:\/\/zem.utcluj.ro\/2019\/","logo":{"@type":"ImageObject","inLanguage":"en-US","@id":"https:\/\/zem.utcluj.ro\/2019\/#\/schema\/logo\/image\/","url":"https:\/\/zem.utcluj.ro\/2019\/wp-content\/uploads\/2019\/04\/logo-zem.png","contentUrl":"https:\/\/zem.utcluj.ro\/2019\/wp-content\/uploads\/2019\/04\/logo-zem.png","width":440,"height":185,"caption":"Technical University of Cluj-Napoca"},"image":{"@id":"https:\/\/zem.utcluj.ro\/2019\/#\/schema\/logo\/image\/"}}]}},"_links":{"self":[{"href":"https:\/\/zem.utcluj.ro\/2019\/wp-json\/wp\/v2\/pages\/474","targetHints":{"allow":["GET"]}}],"collection":[{"href":"https:\/\/zem.utcluj.ro\/2019\/wp-json\/wp\/v2\/pages"}],"about":[{"href":"https:\/\/zem.utcluj.ro\/2019\/wp-json\/wp\/v2\/types\/page"}],"author":[{"embeddable":true,"href":"https:\/\/zem.utcluj.ro\/2019\/wp-json\/wp\/v2\/users\/1"}],"replies":[{"embeddable":true,"href":"https:\/\/zem.utcluj.ro\/2019\/wp-json\/wp\/v2\/comments?post=474"}],"version-history":[{"count":27,"href":"https:\/\/zem.utcluj.ro\/2019\/wp-json\/wp\/v2\/pages\/474\/revisions"}],"predecessor-version":[{"id":536,"href":"https:\/\/zem.utcluj.ro\/2019\/wp-json\/wp\/v2\/pages\/474\/revisions\/536"}],"up":[{"embeddable":true,"href":"https:\/\/zem.utcluj.ro\/2019\/wp-json\/wp\/v2\/pages\/24"}],"wp:attachment":[{"href":"https:\/\/zem.utcluj.ro\/2019\/wp-json\/wp\/v2\/media?parent=474"}],"curies":[{"name":"wp","href":"https:\/\/api.w.org\/{rel}","templated":true}]}}

Informații cadre didactice

<h3 class="wp-block-heading">Informații cadre didactice</h3>



<h4 class="wp-block-heading">Cazare &#8211; recomandarea noastră!</h4>



<ul class="wp-block-list"><li style="text-align: left"><strong><a href="https://www.booking.com/hotel/ro/univers-t.ro.html">Hotel Univers T ***</a></strong><br></li></ul>



<p><strong>Adresa:</strong> Cluj-Napoca, Str. Al. Vaida Voevod, Nr. 53-55, 400436. <br><br>Preț negociat pentru evenimentul ZEM 2019:<br> &#8211; <strong>camera single</strong>: 212 lei/cameră*<br> &#8211; <strong>camera double</strong>: 257 lei/cameră*<br>*Preturile sunt pentru o noapte de cazare și <strong>includ mic dejun</strong> la restaurantul hotelului.<br>&nbsp;</p>



<p>Pentru rezervare vă rugăm să ne contactați prin email la adresa: <strong><a href="mailto:olimpiu.hancu@mdm.utcluj.ro">olimpiu.hancu@mdm.utcluj.ro</a></strong>, până în data de 25.04.2019.</p>



<p>Hotelul este poziționat lângă Iulius Mall, deține o parcare proprie, oferind diverse facilități de petrecere a timpului liber. Din stația CTP (<em>Compania de Transport Public Cluj-Napoca</em>) de la Iulius Mall se poate lua <strong><a href="http://ctpcj.ro/index.php/ro/orare-linii/linii-urbane/linia-48">autobuzul 48</a></strong>, (stația <strong>Iulius Mall Est</strong>), ce circulă la un interval de aprox. 15 minute, și care merge până la Facultate (stația <strong>Sinterom</strong> sau <strong>Sieta</strong>), locul principal de desfășurare a manifestării ZEM 2019. <br>Mai multe detalii despre hotel și facilitățile oferite pot fi găsite la adresa: <strong> <a href="https://www.booking.com/hotel/ro/univers-t.ro.html">www.booking.com</a></strong>. </p>



<p><br><strong>Locație:</strong></p>



<figure><iframe loading="lazy" src="https://www.google.com/maps/embed?pb=!1m18!1m12!1m3!1d1727.0300125069225!2d23.626481494896403!3d46.77221087273418!2m3!1f0!2f0!3f0!3m2!1i1024!2i768!4f13.1!3m3!1m2!1s0x47490c6a7f3f3c3f%3A0x674b10fbcfcc5f36!2sUnivers+T!5e1!3m2!1sro!2sro!4v1555332911786!5m2!1sro!2sro" width="600" height="450" allowfullscreen=""></iframe></figure>

<p>Informații cadre didactice Cazare &#8211; recomandarea noastră! Hotel Univers T *** Adresa: Cluj-Napoca, Str. Al. Vaida Voevod, Nr. 53-55, 400436. Preț negociat pentru evenimentul ZEM 2019: &#8211; camera single: 212 lei/cameră* &#8211; camera double: 257 lei/cameră**Preturile sunt pentru o noapte de cazare și includ mic dejun la restaurantul hotelului.&nbsp; Pentru rezervare vă rugăm să ne&hellip; <br /> <a class="read-more" href="https://zem.utcluj.ro/2019/informatii-participanti/cadre-didactice/">Read more</a></p>

<!-- This site is optimized with the Yoast SEO plugin v23.9 - https://yoast.com/wordpress/plugins/seo/ -->
<title>Informații cadre didactice - ZEM 2019 - Zilele Educatiei Mecatronice 2019</title>
<meta name="robots" content="index, follow, max-snippet:-1, max-image-preview:large, max-video-preview:-1" />
<link rel="canonical" href="https://zem.utcluj.ro/2019/informatii-participanti/cadre-didactice/" />
<meta property="og:locale" content="en_US" />
<meta property="og:type" content="article" />
<meta property="og:title" content="Informații cadre didactice - ZEM 2019 - Zilele Educatiei Mecatronice 2019" />
<meta property="og:description" content="Informații cadre didactice Cazare &#8211; recomandarea noastră! Hotel Univers T *** Adresa: Cluj-Napoca, Str. Al. Vaida Voevod, Nr. 53-55, 400436. Preț negociat pentru evenimentul ZEM 2019: &#8211; camera single: 212 lei/cameră* &#8211; camera double: 257 lei/cameră**Preturile sunt pentru o noapte de cazare și includ mic dejun la restaurantul hotelului.&nbsp; Pentru rezervare vă rugăm să ne&hellip; Read more" />
<meta property="og:url" content="https://zem.utcluj.ro/2019/informatii-participanti/cadre-didactice/" />
<meta property="og:site_name" content="ZEM 2019 - Zilele Educatiei Mecatronice 2019" />
<meta property="article:modified_time" content="2019-06-29T08:40:50+00:00" />
<meta name="twitter:card" content="summary_large_image" />
<meta name="twitter:label1" content="Est. reading time" />
	<meta name="twitter:data1" content="1 minute" />
<script type="application/ld+json" class="yoast-schema-graph">{"@context":"https://schema.org","@graph":[{"@type":"WebPage","@id":"https://zem.utcluj.ro/2019/informatii-participanti/cadre-didactice/","url":"https://zem.utcluj.ro/2019/informatii-participanti/cadre-didactice/","name":"Informații cadre didactice - ZEM 2019 - Zilele Educatiei Mecatronice 2019","isPartOf":{"@id":"https://zem.utcluj.ro/2019/#website"},"datePublished":"2019-04-15T11:29:38+00:00","dateModified":"2019-06-29T08:40:50+00:00","breadcrumb":{"@id":"https://zem.utcluj.ro/2019/informatii-participanti/cadre-didactice/#breadcrumb"},"inLanguage":"en-US","potentialAction":[{"@type":"ReadAction","target":["https://zem.utcluj.ro/2019/informatii-participanti/cadre-didactice/"]}]},{"@type":"BreadcrumbList","@id":"https://zem.utcluj.ro/2019/informatii-participanti/cadre-didactice/#breadcrumb","itemListElement":[{"@type":"ListItem","position":1,"name":"Home","item":"https://zem.utcluj.ro/2019/"},{"@type":"ListItem","position":2,"name":"Informații participanți","item":"https://zem.utcluj.ro/2019/informatii-participanti/"},{"@type":"ListItem","position":3,"name":"Informații cadre didactice"}]},{"@type":"WebSite","@id":"https://zem.utcluj.ro/2019/#website","url":"https://zem.utcluj.ro/2019/","name":"ZEM 2019 - Zilele Educatiei Mecatronice 2019","description":"Concursul National de Mecatronica - Editia a X-a","publisher":{"@id":"https://zem.utcluj.ro/2019/#organization"},"potentialAction":[{"@type":"SearchAction","target":{"@type":"EntryPoint","urlTemplate":"https://zem.utcluj.ro/2019/?s={search_term_string}"},"query-input":{"@type":"PropertyValueSpecification","valueRequired":true,"valueName":"search_term_string"}}],"inLanguage":"en-US"},{"@type":"Organization","@id":"https://zem.utcluj.ro/2019/#organization","name":"Technical University of Cluj-Napoca","url":"https://zem.utcluj.ro/2019/","logo":{"@type":"ImageObject","inLanguage":"en-US","@id":"https://zem.utcluj.ro/2019/#/schema/logo/image/","url":"https://zem.utcluj.ro/2019/wp-content/uploads/2019/04/logo-zem.png","contentUrl":"https://zem.utcluj.ro/2019/wp-content/uploads/2019/04/logo-zem.png","width":440,"height":185,"caption":"Technical University of Cluj-Napoca"},"image":{"@id":"https://zem.utcluj.ro/2019/#/schema/logo/image/"}}]}</script>
<!-- / Yoast SEO plugin. -->

Informații cadre didactice - ZEM 2019 - Zilele Educatiei Mecatronice 2019

Informații cadre didactice Cazare &#8211; recomandarea noastră! Hotel Univers T *** Adresa: Cluj-Napoca, Str. Al. Vaida Voevod, Nr. 53-55, 400436. Preț negociat pentru evenimentul ZEM 2019: &#8211; camera single: 212 lei/cameră* &#8211; camera double: 257 lei/cameră**Preturile sunt pentru o noapte de cazare și includ mic dejun la restaurantul hotelului.&nbsp; Pentru rezervare vă rugăm să ne&hellip; Read more

Informații participanți
